109 is divided by 23?
17
What is the remainder when 389 is divided by 17?
15
Calculate the remainder when 371 is divided by 17.
14
What is the remainder when 32 is divided by 21?
11
Calculate the remainder when 991 is divided by 5.
1
Calculate the remainder when 326 is divided by 11.
7
Calculate the remainder when 22768 is divided by 90.
88
What is the remainder when 1213 is divided by 155?
128
Calculate the remainder when 5470 is divided by 18.
16
What is the remainder when 641 is divided by 46?
43
What is the remainder when 1979 is divided by 245?
19
Calculate the remainder when 1098 is divided by 25.
23
Calculate the remainder when 6006 is divided by 2.
0
What is the remainder when 629 is divided by 70?
69
Calculate the remainder when 103 is divided by 75.
28
What is the remainder when 4871 is divided by 25?
21
Calculate the remainder when 2168 is divided by 62.
60
What is the remainder when 172 is divided by 16?
12
Calculate the remainder when 520 is divided by 128.
8
Calculate the remainder when 235 is divided by 39.
1
What is the remainder when 343 is divided by 43?
42
Calculate the remainder when 8328 is divided by 170.
168
Calculate the remainder when 78 is divided by 17.
10
Calculate the remainder when 118 is divided by 12.
10
What is the remainder when 1678 is divided by 193?
134
What is the remainder when 80 is divided by 9?
8
Calculate the remainder when 108 is divided by 10.
8
What is the remainder when 159 is divided by 27?
24
Calculate the remainder when 5242 is divided by 114.
112
Calculate the remainder when 191 is divided by 14.
9
What is the remainder when 1617 is divided by 539?
0
What is the remainder when 194 is divided by 18?
14
Calculate the remainder when 130 is divided by 34.
28
Calculate the remainder when 138 is divided by 32.
10
Calculate the remainder when 326 is divided by 107.
5
Calculate the remainder when 170 is divided by 127.
43
Calculate the remainder when 335 is divided by 56.
55
Calculate the remainder when 197 is divided by 9.
8
What is the remainder when 446 is divided by 208?
30
Calculate the remainder when 270 is divided by 39.
36
Calculate the remainder when 60 is divided by 22.
16
Calculate the remainder when 3145 is divided by 63.
58
What is the remainder when 445 is divided by 8?
5
What is the remainder when 134 is divided by 69?
65
Calculate the remainder when 31475 is divided by 18.
11
Calculate the remainder when 1949 is divided by 89.
80
What is the remainder when 118 is divided by 63?
55
What is the remainder when 941 is divided by 31?
11
Calculate the remainder when 1607 is divided by 175.
32
What is the remainder when 64 is divided by 25?
14
What is the remainder when 285 is divided by 36?
33
What is the remainder when 3252 is divided by 8?
4
What is the remainder when 255 is divided by 21?
3
What is the remainder when 87 is divided by 22?
21
Calculate the remainder when 254 is divided by 89.
76
What is the remainder when 104 is divided by 43?
18
What is the remainder when 405 is divided by 118?
51
What is the remainder when 102 is divided by 35?
32
Calculate the remainder when 82 is divided by 41.
0
What is the remainder when 612 is divided by 104?
92
What is the remainder when 163 is divided by 147?
16
What is the remainder when 317 is divided by 115?
87
What is the remainder when 427 is divided by 18?
13
Calculate the remainder when 29 is divided by 4.
1
What is the remainder when 154 is divided by 54?
46
Calculate the remainder when 356 is divided by 18.
14
What is the remainder when 202 is divided by 86?
30
What is the remainder when 1379 is divided by 154?
147
Calculate the remainder when 573 is divided by 563.
10
Calculate the remainder when 2741 is divided by 13.
11
What is the remainder when 194 is divided by 18?
14
Calculate the remainder when 1140 is divided by 11.
7
Calculate the remainder when 1899 is divided by 320.
299
Calculate the remainder when 164 is divided by 38.
12
Calculate the remainder when 144 is divided by 38.
30
What is the remainder when 117 is divided by 15?
12
Calculate the remainder when 4427 is divided by 103.
101
Calculate the remainder when 19281 is divided by 29.
25
What is the remainder when 1014 is divided by 499?
16
Calculate the remainder when 3170 is divided by 26.
24
Calculate the remainder when 749 is divided by 47.
44
Calculate the remainder when 377 is divided by 48.
41
What is the remainder when 2043 is divided by 31?
28
What is the remainder when 140 is divided by 50?
40
What is the remainder when 86 is divided by 62?
24
Calculate the remainder when 225 is divided by 12.
9
Calculate the remainder when 1155 is divided by 379.
18
What is the remainder when 1103 is divided by 24?
23
Calculate the remainder when 1163 is divided by 233.
231
Calculate the remainder when 143 is divided by 86.
57
Calculate the remainder when 1711 is divided by 13.
8
What is the remainder when 116 is divided by 50?
16
What is the remainder when 14235 is divided by 89?
84
What is the remainder when 114 is divided by 66?
48
What is the remainder when 143 is divided by 21?
17
What is the remainder when 278 is divided by 28?
26
Calculate the remainder when 1031 is divided by 275.
206
Calculate the remainder when 287 is divided by 34.
15
Calculate the remainder when 4419 is divided by 134.
131
Calculate the remainder when 209 is divided by 17.
5
Calculate the remainder when 3168 is divided by 6.
0
Calculate the remainder when 2583 is divided by 19.
18
What is the remainder when 51 is divided by 7?
2
What is the remainder when 73 is divided by 3?
1
What is the remainder when 459 is divided by 14?
11
What is the remainder when 309 is divided by 39?
36
What is the remainder when 255 is divided by 73?
36
Calculate the remainder when 197 is divided by 68.
61
Calculate the remainder when 3254 is divided by 9.
5
What is the remainder when 516 is divided by 65?
61
Calculate the remainder when 333 is divided by 260.
73
What is the remainder when 97 is divided by 37?
23
Calculate the remainder when 2540 is divided by 843.
11
Calculate the remainder when 206 is divided by 146.
60
What is the remainder when 688 is divided by 80?
48
Calculate the remainder when 148 is divided by 139.
9
Calculate the remainder when 37 is divided by 4.
1
Calculate the remainder when 81 is divided by 79.
2
Calculate the remainder when 429 is divided by 227.
202
What is the remainder when 7244 is divided by 207?
206
Calculate the remainder when 7209 is divided by 206.
205
Calculate the remainder when 69 is divided by 14.
13
Calculate the remainder when 5367 is divided by 21.
12
What is the remainder when 4338 is divided by 53?
45
Calculate the remainder when 9173 is divided by 19.
15
Calculate the remainder when 246 is divided by 83.
80
Calculate the remainder when 4757 is divided by 7.
4
Calculate the remainder when 384 is divided by 112.
48
What is the remainder when 3421 is divided by 265?
241
What is the remainder when 229 is divided by 23?
22
What is the remainder when 1287 is divided by 7?
6
Calculate the remainder when 387 is divided by 26.
23
Calculate the remainder when 686 is divided by 10.
6
What is the remainder when 513 is divided by 20?
13
What is the remainder when 200 is divided by 21?
11
Calculate the remainder when 224 is divided by 77.
70
What is the remainder when 956 is divided by 469?
18
Calculate the remainder when 2284 is divided by 22.
18
Calculate the remainder when 497 is divided by 20.
17
Calculate the remainder when 2097 is divided by 70.
67
What is the remainder when 234 is divided by 141?
93
What is the remainder when 467 is divided by 184?
99
Calculate the remainder when 526 is divided by 72.
22
What is the remainder when 242 is divided by 49?
46
What is the remainder when 78 is divided by 15?
3
What is the remainder when 3241 is divided by 250?
241
Calculate the remainder when 810 is divided by 58.
56
Calculate the remainder when 107 is divided by 28.
23
What is the remainder when 358 is divided by 120?
118
What is the remainder when 263 is divided by 142?
121
What is the remainder when 119 is divided by 18?
11
Calculate the remainder when 153 is divided by 33.
21
Calculate the remainder when 70 is divided by 14.
0
Calculate the remainder when 932 is divided by 104.
100
